{"id":13,"date":"2021-05-04T13:35:01","date_gmt":"2021-05-04T12:35:01","guid":{"rendered":"http:\/\/psyceliapourchayre.fr\/?page_id=13"},"modified":"2021-09-28T15:20:22","modified_gmt":"2021-09-28T14:20:22","slug":"temoignages","status":"publish","type":"page","link":"https:\/\/www.psyceliapourchayre.fr\/?page_id=13","title":{"rendered":"T\u00e9moignages"},"content":{"rendered":"<p style=\"text-align: justify;\">M. M., maman d\u2019Emma 6 ans<\/p>\n<p style=\"text-align: justify;\">D\u00e8s l\u2019\u00e2ge\u00a0de 3 ans on a d\u00e9couvert chez ma fille une surdit\u00e9\u00a0suite \u00e0 des\u00a0otites \u00e0 r\u00e9p\u00e9tition. Elle a \u00e9t\u00e9 op\u00e9r\u00e9e, puis a d\u00e9marr\u00e9 des s\u00e9ances d\u2019orthophoniste\u00a0pendant 3 ans. A la suite\u00a0de cela le\u00a0p\u00e9diatre nous a orient\u00e9s vers une psychomotricienne pour une dyspraxie\u00a0l\u00e9g\u00e8re (maladresse,\u00a0perte d\u2019\u00e9quilibre, difficult\u00e9s \u00e0 \u00e9crire proprement\u00a0et sur les lignes, \u00e0 \u00e9valuer\u00a0son espace, ainsi qu&rsquo;un trouble de l\u2019attention).<\/p>\n<p style=\"text-align: justify;\">A son entr\u00e9e en CP,\u00a0nous avons d\u00e9marr\u00e9 les s\u00e9ances de psychomotricit\u00e9\u00a0de suite, mais sans beaucoup de r\u00e9sultats\u00a0car les s\u00e9ances \u00e9taient tr\u00e8s espac\u00e9es.\u00a0En entendant\u00a0parl\u00e9\u00a0du parcours d\u2019Emma, Mme\u00a0POURCHAYRE\u00a0m\u2019a propos\u00e9e de la rencontrer\u00a0et de lui faire faire un bilan.<\/p>\n<p style=\"text-align: justify;\">Suite \u00e0 ce bilan\u00a0nous avons convenu de s\u00e9ances de RMT et de Brain\u00a0Gym \u00e0 faire quotidiennement. \u00ab\u00a0Qu\u2019est-ce que\u00a0c\u2019est que \u00e7a\u00a0\u00bb, je me suis dit.\u00a0En fait ce n\u2019est pas si compliqu\u00e9. Ce sont des mouvements, des stimulations\u00a0passives et actives, des rotations, des\u00a0balancements, des rebonds corporels\u00a0\u00e0 r\u00e9aliser quotidiennement \u00e0 la maison (environ 10min). Cela\u00a0a permis \u00e0\u00a0Emma\u00a0d\u2019\u00e9voluer dans son\u00a0apprentissage.\u00a0Ce sont des exercices qu\u2019elle aime beaucoup et\u00a0qu\u2019elle r\u00e9clame tous les jours.<\/p>\n<p style=\"text-align: justify;\">A la fin du\u00a02nd\u00a0trimestre, apr\u00e8s quelques mois de s\u00e9ances,\u00a0sa maitresse\u00a0a f\u00e9licit\u00e9 Emma\u00a0et\u00a0a d\u00e9j\u00e0 pu constater\u00a0une grande am\u00e9lioration\u00a0en ce qui concerne\u00a0l&rsquo; agitation\u00a0d\u2019Emma en classe (stabilit\u00e9 sur sa chaise)\u00a0et surtout au\u00a0niveau de l\u2019\u00e9criture. Je suis tr\u00e8s satisfaite des r\u00e9sultats et des progr\u00e8s que ma fille r\u00e9alise et je recommande \u00e0 toute personne qui on des enfants qui sont en difficult\u00e9s de s&rsquo;orienter vers ces m\u00e9thodes, car c&rsquo;est un compl\u00e9ment tr\u00e8s b\u00e9n\u00e9fique et simple \u00e0 pratiquer.<\/p>\n<p style=\"text-align: justify;\">Merci encore \u00e0 Mme POUCHAYRE.<\/p>\n<hr \/>\n<p style=\"text-align: justify;\">\n","protected":false},"excerpt":{"rendered":"<p>M. M., maman d\u2019Emma 6 ans D\u00e8s l\u2019\u00e2ge\u00a0de 3 ans on a d\u00e9couvert chez ma fille une surdit\u00e9\u00a0suite \u00e0 des\u00a0otites \u00e0 r\u00e9p\u00e9tition. Elle a \u00e9t\u00e9 op\u00e9r\u00e9e, puis a d\u00e9marr\u00e9 des s\u00e9ances d\u2019orthophoniste\u00a0pendant 3 ans. A la suite\u00a0de cela le\u00a0p\u00e9diatre nous&hellip; <\/p>\n","protected":false},"author":1,"featured_media":0,"parent":0,"menu_order":0,"comment_status":"closed","ping_status":"closed","template":"","meta":{"footnotes":""},"class_list":["post-13","page","type-page","status-publish","hentry"],"yoast_head":"<!-- This site is optimized with the Yoast SEO plugin v27.4 - https:\/\/yoast.com\/product\/yoast-seo-wordpress\/ -->\n<title>T\u00e9moignages - C\u00e9lia Pourchayre - Psychologue<\/title>\n<meta name=\"robots\" content=\"index, follow, max-snippet:-1, max-image-preview:large, max-video-preview:-1\" \/>\n<link rel=\"canonical\" href=\"https:\/\/www.psyceliapourchayre.fr\/?page_id=13\" \/>\n<meta property=\"og:locale\" content=\"fr_FR\" \/>\n<meta property=\"og:type\" content=\"article\" \/>\n<meta property=\"og:title\" content=\"T\u00e9moignages - C\u00e9lia Pourchayre - Psychologue\" \/>\n<meta property=\"og:description\" content=\"M. M., maman d\u2019Emma 6 ans D\u00e8s l\u2019\u00e2ge\u00a0de 3 ans on a d\u00e9couvert chez ma fille une surdit\u00e9\u00a0suite \u00e0 des\u00a0otites \u00e0 r\u00e9p\u00e9tition. Elle a \u00e9t\u00e9 op\u00e9r\u00e9e, puis a d\u00e9marr\u00e9 des s\u00e9ances d\u2019orthophoniste\u00a0pendant 3 ans. A la suite\u00a0de cela le\u00a0p\u00e9diatre nous&hellip;\" \/>\n<meta property=\"og:url\" content=\"https:\/\/www.psyceliapourchayre.fr\/?page_id=13\" \/>\n<meta property=\"og:site_name\" content=\"C\u00e9lia Pourchayre - Psychologue\" \/>\n<meta property=\"article:modified_time\" content=\"2021-09-28T14:20:22+00:00\" \/>\n<meta name=\"twitter:card\" content=\"summary_large_image\" \/>\n<meta name=\"twitter:label1\" content=\"Dur\u00e9e de lecture estim\u00e9e\" \/>\n\t<meta name=\"twitter:data1\" content=\"2 minutes\" \/>\n<script type=\"application\/ld+json\" class=\"yoast-schema-graph\">{\"@context\":\"https:\\\/\\\/schema.org\",\"@graph\":[{\"@type\":\"WebPage\",\"@id\":\"https:\\\/\\\/www.psyceliapourchayre.fr\\\/?page_id=13\",\"url\":\"https:\\\/\\\/www.psyceliapourchayre.fr\\\/?page_id=13\",\"name\":\"T\u00e9moignages - C\u00e9lia Pourchayre - Psychologue\",\"isPartOf\":{\"@id\":\"https:\\\/\\\/www.psyceliapourchayre.fr\\\/#website\"},\"datePublished\":\"2021-05-04T12:35:01+00:00\",\"dateModified\":\"2021-09-28T14:20:22+00:00\",\"breadcrumb\":{\"@id\":\"https:\\\/\\\/www.psyceliapourchayre.fr\\\/?page_id=13#breadcrumb\"},\"inLanguage\":\"fr-FR\",\"potentialAction\":[{\"@type\":\"ReadAction\",\"target\":[\"https:\\\/\\\/www.psyceliapourchayre.fr\\\/?page_id=13\"]}]},{\"@type\":\"BreadcrumbList\",\"@id\":\"https:\\\/\\\/www.psyceliapourchayre.fr\\\/?page_id=13#breadcrumb\",\"itemListElement\":[{\"@type\":\"ListItem\",\"position\":1,\"name\":\"Accueil\",\"item\":\"https:\\\/\\\/www.psyceliapourchayre.fr\\\/\"},{\"@type\":\"ListItem\",\"position\":2,\"name\":\"T\u00e9moignages\"}]},{\"@type\":\"WebSite\",\"@id\":\"https:\\\/\\\/www.psyceliapourchayre.fr\\\/#website\",\"url\":\"https:\\\/\\\/www.psyceliapourchayre.fr\\\/\",\"name\":\"C\u00e9lia Pourchayre - Psychologue\",\"description\":\"Avec vous, autour de votre objectif, de vos ressentis et de vos \u00e9motions.\",\"potentialAction\":[{\"@type\":\"SearchAction\",\"target\":{\"@type\":\"EntryPoint\",\"urlTemplate\":\"https:\\\/\\\/www.psyceliapourchayre.fr\\\/?s={search_term_string}\"},\"query-input\":{\"@type\":\"PropertyValueSpecification\",\"valueRequired\":true,\"valueName\":\"search_term_string\"}}],\"inLanguage\":\"fr-FR\"}]}<\/script>\n<!-- \/ Yoast SEO plugin. -->","yoast_head_json":{"title":"T\u00e9moignages - C\u00e9lia Pourchayre - Psychologue","robots":{"index":"index","follow":"follow","max-snippet":"max-snippet:-1","max-image-preview":"max-image-preview:large","max-video-preview":"max-video-preview:-1"},"canonical":"https:\/\/www.psyceliapourchayre.fr\/?page_id=13","og_locale":"fr_FR","og_type":"article","og_title":"T\u00e9moignages - C\u00e9lia Pourchayre - Psychologue","og_description":"M. M., maman d\u2019Emma 6 ans D\u00e8s l\u2019\u00e2ge\u00a0de 3 ans on a d\u00e9couvert chez ma fille une surdit\u00e9\u00a0suite \u00e0 des\u00a0otites \u00e0 r\u00e9p\u00e9tition. Elle a \u00e9t\u00e9 op\u00e9r\u00e9e, puis a d\u00e9marr\u00e9 des s\u00e9ances d\u2019orthophoniste\u00a0pendant 3 ans. A la suite\u00a0de cela le\u00a0p\u00e9diatre nous&hellip;","og_url":"https:\/\/www.psyceliapourchayre.fr\/?page_id=13","og_site_name":"C\u00e9lia Pourchayre - Psychologue","article_modified_time":"2021-09-28T14:20:22+00:00","twitter_card":"summary_large_image","twitter_misc":{"Dur\u00e9e de lecture estim\u00e9e":"2 minutes"},"schema":{"@context":"https:\/\/schema.org","@graph":[{"@type":"WebPage","@id":"https:\/\/www.psyceliapourchayre.fr\/?page_id=13","url":"https:\/\/www.psyceliapourchayre.fr\/?page_id=13","name":"T\u00e9moignages - C\u00e9lia Pourchayre - Psychologue","isPartOf":{"@id":"https:\/\/www.psyceliapourchayre.fr\/#website"},"datePublished":"2021-05-04T12:35:01+00:00","dateModified":"2021-09-28T14:20:22+00:00","breadcrumb":{"@id":"https:\/\/www.psyceliapourchayre.fr\/?page_id=13#breadcrumb"},"inLanguage":"fr-FR","potentialAction":[{"@type":"ReadAction","target":["https:\/\/www.psyceliapourchayre.fr\/?page_id=13"]}]},{"@type":"BreadcrumbList","@id":"https:\/\/www.psyceliapourchayre.fr\/?page_id=13#breadcrumb","itemListElement":[{"@type":"ListItem","position":1,"name":"Accueil","item":"https:\/\/www.psyceliapourchayre.fr\/"},{"@type":"ListItem","position":2,"name":"T\u00e9moignages"}]},{"@type":"WebSite","@id":"https:\/\/www.psyceliapourchayre.fr\/#website","url":"https:\/\/www.psyceliapourchayre.fr\/","name":"C\u00e9lia Pourchayre - Psychologue","description":"Avec vous, autour de votre objectif, de vos ressentis et de vos \u00e9motions.","potentialAction":[{"@type":"SearchAction","target":{"@type":"EntryPoint","urlTemplate":"https:\/\/www.psyceliapourchayre.fr\/?s={search_term_string}"},"query-input":{"@type":"PropertyValueSpecification","valueRequired":true,"valueName":"search_term_string"}}],"inLanguage":"fr-FR"}]}},"_links":{"self":[{"href":"https:\/\/www.psyceliapourchayre.fr\/index.php?rest_route=\/wp\/v2\/pages\/13","targetHints":{"allow":["GET"]}}],"collection":[{"href":"https:\/\/www.psyceliapourchayre.fr\/index.php?rest_route=\/wp\/v2\/pages"}],"about":[{"href":"https:\/\/www.psyceliapourchayre.fr\/index.php?rest_route=\/wp\/v2\/types\/page"}],"author":[{"embeddable":true,"href":"https:\/\/www.psyceliapourchayre.fr\/index.php?rest_route=\/wp\/v2\/users\/1"}],"replies":[{"embeddable":true,"href":"https:\/\/www.psyceliapourchayre.fr\/index.php?rest_route=%2Fwp%2Fv2%2Fcomments&post=13"}],"version-history":[{"count":5,"href":"https:\/\/www.psyceliapourchayre.fr\/index.php?rest_route=\/wp\/v2\/pages\/13\/revisions"}],"predecessor-version":[{"id":382,"href":"https:\/\/www.psyceliapourchayre.fr\/index.php?rest_route=\/wp\/v2\/pages\/13\/revisions\/382"}],"wp:attachment":[{"href":"https:\/\/www.psyceliapourchayre.fr\/index.php?rest_route=%2Fwp%2Fv2%2Fmedia&parent=13"}],"curies":[{"name":"wp","href":"https:\/\/api.w.org\/{rel}","templated":true}]}}