{"id":2,"date":"2021-04-30T23:08:58","date_gmt":"2021-04-30T22:08:58","guid":{"rendered":"http:\/\/psyceliapourchayre.fr\/?page_id=2"},"modified":"2021-09-28T15:32:56","modified_gmt":"2021-09-28T14:32:56","slug":"accueil","status":"publish","type":"page","link":"https:\/\/www.psyceliapourchayre.fr\/","title":{"rendered":"Accueil"},"content":{"rendered":"<h1>Ma philosophie\u00a0en tant que\u00a0psychologue :<br \/>\n<span style=\"color: #4ad2ae;\">\u00ab\u00a0Avec vous, autour de votre objectif, de vos ressentis et de vos \u00e9motions\u00a0\u00bb.<\/span><\/h1>\n<p><img fetchpriority=\"high\" decoding=\"async\" class=\"alignright wp-image-299 size-medium\" title=\"Pr\u00e9sentation C\u00e9lia Pourchayre\" src=\"http:\/\/psyceliapourchayre.fr\/wp-content\/uploads\/2016\/05\/003-200x300.jpg\" alt=\"C\u00e9lia Pourchayre Psychologue\" width=\"200\" height=\"300\" srcset=\"http:\/\/psyceliapourchayre.fr\/wp-content\/uploads\/2016\/05\/003-200x300.jpg 200w, http:\/\/psyceliapourchayre.fr\/wp-content\/uploads\/2016\/05\/003.jpg 600w\" sizes=\"(max-width: 200px) 100vw, 200px\" \/><\/p>\n<h2><span style=\"color: #003366;\">Pour quoi consulter ?<\/span><\/h2>\n<ul>\n<li>Troubles du comportement<\/li>\n<li>D\u00e9ficit attentionnel<\/li>\n<li>Difficult\u00e9s d\u2019apprentissage : dyslexie, dyscalculie, dyspraxie, etc\u2026<\/li>\n<li>Stress, difficult\u00e9 relationnelle, gestion des \u00e9motions, perte de confiance en soi, \u2026<\/li>\n<\/ul>\n<h2><span style=\"color: #003366;\">Pour qui ?<\/span><\/h2>\n<p>Pour toute personne (enfant, adolescent et adulte) souhaitant favoriser leur \u00e9quilibre psychique et corporel, leur perception interne, la gestion de leurs \u00e9motions, la d\u00e9tente, la remobilisation\u2026 afin d\u2019agir au mieux dans sa vie.<\/p>\n<h2><span style=\"color: #003366;\">Mes outils th\u00e9rapeutiques :<\/span><\/h2>\n<ul>\n<li>La psychoth\u00e9rapie<\/li>\n<li>Le bilan psychologique (test de QI et de personnalit\u00e9)<\/li>\n<li>L&rsquo;expression artistique, le jeu et l\u2019\u00e9criture<\/li>\n<li>La stimulation neuronale (RMT : Rythmic Movement Training et la Brain Gym).<\/li>\n<li>La gestion des \u00e9motions (EFT : Emotional Freedom Techniques et la PNL : Programmation Neuro Linguistique)<\/li>\n<\/ul>\n<hr \/>\n<h2><strong><span style=\"color: #000080;\">Prochaine conf\u00e9rence<\/span><\/strong><\/h2>\n<p>Date \u00e0 venir<\/p>\n<hr \/>\n<h3><span style=\"color: #003366;\">Tarifs (2021)<\/span><img decoding=\"async\" class=\"alignright wp-image-330 size-thumbnail\" title=\"Logo C\u00e9lia Pourchayre\" src=\"http:\/\/psyceliapourchayre.fr\/wp-content\/uploads\/2016\/04\/picto_celia_pourchayre-150x150.jpg\" alt=\"logo\" width=\"150\" height=\"150\" srcset=\"http:\/\/psyceliapourchayre.fr\/wp-content\/uploads\/2016\/04\/picto_celia_pourchayre-150x150.jpg 150w, http:\/\/psyceliapourchayre.fr\/wp-content\/uploads\/2016\/04\/picto_celia_pourchayre-230x230.jpg 230w, http:\/\/psyceliapourchayre.fr\/wp-content\/uploads\/2016\/04\/picto_celia_pourchayre-80x80.jpg 80w\" sizes=\"(max-width: 150px) 100vw, 150px\" \/><\/h3>\n<p><strong>60\u20ac la s\u00e9ance<\/strong><\/p>\n<p>A la diff\u00e9rence d&rsquo;un m\u00e9decin, les honoraires des psychologues ne sont pas pris en charge par la s\u00e9curit\u00e9 sociale, mais parfois par certaines mutuelles.<\/p>\n<p>&nbsp;<\/p>\n<hr \/>\n<h3><span style=\"color: #003366;\">Contact :<img decoding=\"async\" class=\"alignright wp-image-590\" src=\"http:\/\/psyceliapourchayre.fr\/wp-content\/uploads\/2016\/04\/cabinet-celia-pourchayre-exterieur-300x225.jpg\" alt=\"cabinet-celia-pourchayre-exterieur\" width=\"240\" height=\"180\" srcset=\"http:\/\/psyceliapourchayre.fr\/wp-content\/uploads\/2016\/04\/cabinet-celia-pourchayre-exterieur-300x225.jpg 300w, http:\/\/psyceliapourchayre.fr\/wp-content\/uploads\/2016\/04\/cabinet-celia-pourchayre-exterieur-768x576.jpg 768w, http:\/\/psyceliapourchayre.fr\/wp-content\/uploads\/2016\/04\/cabinet-celia-pourchayre-exterieur-1024x768.jpg 1024w, http:\/\/psyceliapourchayre.fr\/wp-content\/uploads\/2016\/04\/cabinet-celia-pourchayre-exterieur.jpg 1200w\" sizes=\"(max-width: 240px) 100vw, 240px\" \/><\/span><\/h3>\n<p>C\u00e9lia Pourchayre<br \/>\n06.84.17.52.78<br \/>\n<a href=\"mailto:contact@psyceliapourchayre.fr\">contact[a]psyceliapourchayre.fr<\/a><\/p>\n<p>&nbsp;<\/p>\n<h3>Prendre <a href=\"https:\/\/www.pagesjaunes.fr\/pros\/56532635\" target=\"_blank\" rel=\"noopener\">rendez-vous<\/a>.<\/h3>\n","protected":false},"excerpt":{"rendered":"<p>Ma philosophie\u00a0en tant que\u00a0psychologue : \u00ab\u00a0Avec vous, autour de votre objectif, de vos ressentis et de vos \u00e9motions\u00a0\u00bb. Pour quoi consulter ? Troubles du comportement D\u00e9ficit attentionnel Difficult\u00e9s d\u2019apprentissage : dyslexie, dyscalculie, dyspraxie, etc\u2026 Stress, difficult\u00e9 relationnelle, gestion des \u00e9motions,&hellip; <\/p>\n","protected":false},"author":1,"featured_media":0,"parent":0,"menu_order":0,"comment_status":"closed","ping_status":"closed","template":"","meta":{"footnotes":""},"class_list":["post-2","page","type-page","status-publish","hentry"],"yoast_head":"<!-- This site is optimized with the Yoast SEO plugin v27.6 - https:\/\/yoast.com\/product\/yoast-seo-wordpress\/ -->\n<title>Accueil - C\u00e9lia Pourchayre - Psychologue<\/title>\n<meta name=\"description\" content=\"Avec vous, autour de votre objectif, de vos ressentis et de vos \u00e9motions, pour agir au mieux dans votre vie et vous recentrer vers votre bien-\u00eatre.\" \/>\n<meta name=\"robots\" content=\"index, follow, max-snippet:-1, max-image-preview:large, max-video-preview:-1\" \/>\n<link rel=\"canonical\" href=\"https:\/\/www.psyceliapourchayre.fr\/\" \/>\n<meta property=\"og:locale\" content=\"fr_FR\" \/>\n<meta property=\"og:type\" content=\"article\" \/>\n<meta property=\"og:title\" content=\"Accueil - C\u00e9lia Pourchayre - Psychologue\" \/>\n<meta property=\"og:description\" content=\"Avec vous, autour de votre objectif, de vos ressentis et de vos \u00e9motions, pour agir au mieux dans votre vie et vous recentrer vers votre bien-\u00eatre.\" \/>\n<meta property=\"og:url\" content=\"https:\/\/www.psyceliapourchayre.fr\/\" \/>\n<meta property=\"og:site_name\" content=\"C\u00e9lia Pourchayre - Psychologue\" \/>\n<meta property=\"article:modified_time\" content=\"2021-09-28T14:32:56+00:00\" \/>\n<meta property=\"og:image\" content=\"http:\/\/psyceliapourchayre.fr\/wp-content\/uploads\/2016\/05\/003-200x300.jpg\" \/>\n<meta name=\"twitter:card\" content=\"summary_large_image\" \/>\n<meta name=\"twitter:label1\" content=\"Dur\u00e9e de lecture estim\u00e9e\" \/>\n\t<meta name=\"twitter:data1\" content=\"2 minutes\" \/>\n<script type=\"application\/ld+json\" class=\"yoast-schema-graph\">{\"@context\":\"https:\\\/\\\/schema.org\",\"@graph\":[{\"@type\":\"WebPage\",\"@id\":\"https:\\\/\\\/www.psyceliapourchayre.fr\\\/\",\"url\":\"https:\\\/\\\/www.psyceliapourchayre.fr\\\/\",\"name\":\"Accueil - C\u00e9lia Pourchayre - Psychologue\",\"isPartOf\":{\"@id\":\"https:\\\/\\\/www.psyceliapourchayre.fr\\\/#website\"},\"primaryImageOfPage\":{\"@id\":\"https:\\\/\\\/www.psyceliapourchayre.fr\\\/#primaryimage\"},\"image\":{\"@id\":\"https:\\\/\\\/www.psyceliapourchayre.fr\\\/#primaryimage\"},\"thumbnailUrl\":\"http:\\\/\\\/psyceliapourchayre.fr\\\/wp-content\\\/uploads\\\/2016\\\/05\\\/003-200x300.jpg\",\"datePublished\":\"2021-04-30T22:08:58+00:00\",\"dateModified\":\"2021-09-28T14:32:56+00:00\",\"description\":\"Avec vous, autour de votre objectif, de vos ressentis et de vos \u00e9motions, pour agir au mieux dans votre vie et vous recentrer vers votre bien-\u00eatre.\",\"breadcrumb\":{\"@id\":\"https:\\\/\\\/www.psyceliapourchayre.fr\\\/#breadcrumb\"},\"inLanguage\":\"fr-FR\",\"potentialAction\":[{\"@type\":\"ReadAction\",\"target\":[\"https:\\\/\\\/www.psyceliapourchayre.fr\\\/\"]}]},{\"@type\":\"ImageObject\",\"inLanguage\":\"fr-FR\",\"@id\":\"https:\\\/\\\/www.psyceliapourchayre.fr\\\/#primaryimage\",\"url\":\"http:\\\/\\\/psyceliapourchayre.fr\\\/wp-content\\\/uploads\\\/2016\\\/05\\\/003-200x300.jpg\",\"contentUrl\":\"http:\\\/\\\/psyceliapourchayre.fr\\\/wp-content\\\/uploads\\\/2016\\\/05\\\/003-200x300.jpg\"},{\"@type\":\"BreadcrumbList\",\"@id\":\"https:\\\/\\\/www.psyceliapourchayre.fr\\\/#breadcrumb\",\"itemListElement\":[{\"@type\":\"ListItem\",\"position\":1,\"name\":\"Accueil\",\"item\":\"https:\\\/\\\/www.psyceliapourchayre.fr\\\/\"},{\"@type\":\"ListItem\",\"position\":2,\"name\":\"Accueil\"}]},{\"@type\":\"WebSite\",\"@id\":\"https:\\\/\\\/www.psyceliapourchayre.fr\\\/#website\",\"url\":\"https:\\\/\\\/www.psyceliapourchayre.fr\\\/\",\"name\":\"C\u00e9lia Pourchayre - Psychologue\",\"description\":\"Avec vous, autour de votre objectif, de vos ressentis et de vos \u00e9motions.\",\"potentialAction\":[{\"@type\":\"SearchAction\",\"target\":{\"@type\":\"EntryPoint\",\"urlTemplate\":\"https:\\\/\\\/www.psyceliapourchayre.fr\\\/?s={search_term_string}\"},\"query-input\":{\"@type\":\"PropertyValueSpecification\",\"valueRequired\":true,\"valueName\":\"search_term_string\"}}],\"inLanguage\":\"fr-FR\"}]}<\/script>\n<!-- \/ Yoast SEO plugin. -->","yoast_head_json":{"title":"Accueil - C\u00e9lia Pourchayre - Psychologue","description":"Avec vous, autour de votre objectif, de vos ressentis et de vos \u00e9motions, pour agir au mieux dans votre vie et vous recentrer vers votre bien-\u00eatre.","robots":{"index":"index","follow":"follow","max-snippet":"max-snippet:-1","max-image-preview":"max-image-preview:large","max-video-preview":"max-video-preview:-1"},"canonical":"https:\/\/www.psyceliapourchayre.fr\/","og_locale":"fr_FR","og_type":"article","og_title":"Accueil - C\u00e9lia Pourchayre - Psychologue","og_description":"Avec vous, autour de votre objectif, de vos ressentis et de vos \u00e9motions, pour agir au mieux dans votre vie et vous recentrer vers votre bien-\u00eatre.","og_url":"https:\/\/www.psyceliapourchayre.fr\/","og_site_name":"C\u00e9lia Pourchayre - Psychologue","article_modified_time":"2021-09-28T14:32:56+00:00","og_image":[{"url":"http:\/\/psyceliapourchayre.fr\/wp-content\/uploads\/2016\/05\/003-200x300.jpg","type":"","width":"","height":""}],"twitter_card":"summary_large_image","twitter_misc":{"Dur\u00e9e de lecture estim\u00e9e":"2 minutes"},"schema":{"@context":"https:\/\/schema.org","@graph":[{"@type":"WebPage","@id":"https:\/\/www.psyceliapourchayre.fr\/","url":"https:\/\/www.psyceliapourchayre.fr\/","name":"Accueil - C\u00e9lia Pourchayre - Psychologue","isPartOf":{"@id":"https:\/\/www.psyceliapourchayre.fr\/#website"},"primaryImageOfPage":{"@id":"https:\/\/www.psyceliapourchayre.fr\/#primaryimage"},"image":{"@id":"https:\/\/www.psyceliapourchayre.fr\/#primaryimage"},"thumbnailUrl":"http:\/\/psyceliapourchayre.fr\/wp-content\/uploads\/2016\/05\/003-200x300.jpg","datePublished":"2021-04-30T22:08:58+00:00","dateModified":"2021-09-28T14:32:56+00:00","description":"Avec vous, autour de votre objectif, de vos ressentis et de vos \u00e9motions, pour agir au mieux dans votre vie et vous recentrer vers votre bien-\u00eatre.","breadcrumb":{"@id":"https:\/\/www.psyceliapourchayre.fr\/#breadcrumb"},"inLanguage":"fr-FR","potentialAction":[{"@type":"ReadAction","target":["https:\/\/www.psyceliapourchayre.fr\/"]}]},{"@type":"ImageObject","inLanguage":"fr-FR","@id":"https:\/\/www.psyceliapourchayre.fr\/#primaryimage","url":"http:\/\/psyceliapourchayre.fr\/wp-content\/uploads\/2016\/05\/003-200x300.jpg","contentUrl":"http:\/\/psyceliapourchayre.fr\/wp-content\/uploads\/2016\/05\/003-200x300.jpg"},{"@type":"BreadcrumbList","@id":"https:\/\/www.psyceliapourchayre.fr\/#breadcrumb","itemListElement":[{"@type":"ListItem","position":1,"name":"Accueil","item":"https:\/\/www.psyceliapourchayre.fr\/"},{"@type":"ListItem","position":2,"name":"Accueil"}]},{"@type":"WebSite","@id":"https:\/\/www.psyceliapourchayre.fr\/#website","url":"https:\/\/www.psyceliapourchayre.fr\/","name":"C\u00e9lia Pourchayre - Psychologue","description":"Avec vous, autour de votre objectif, de vos ressentis et de vos \u00e9motions.","potentialAction":[{"@type":"SearchAction","target":{"@type":"EntryPoint","urlTemplate":"https:\/\/www.psyceliapourchayre.fr\/?s={search_term_string}"},"query-input":{"@type":"PropertyValueSpecification","valueRequired":true,"valueName":"search_term_string"}}],"inLanguage":"fr-FR"}]}},"_links":{"self":[{"href":"https:\/\/www.psyceliapourchayre.fr\/index.php?rest_route=\/wp\/v2\/pages\/2","targetHints":{"allow":["GET"]}}],"collection":[{"href":"https:\/\/www.psyceliapourchayre.fr\/index.php?rest_route=\/wp\/v2\/pages"}],"about":[{"href":"https:\/\/www.psyceliapourchayre.fr\/index.php?rest_route=\/wp\/v2\/types\/page"}],"author":[{"embeddable":true,"href":"https:\/\/www.psyceliapourchayre.fr\/index.php?rest_route=\/wp\/v2\/users\/1"}],"replies":[{"embeddable":true,"href":"https:\/\/www.psyceliapourchayre.fr\/index.php?rest_route=%2Fwp%2Fv2%2Fcomments&post=2"}],"version-history":[{"count":75,"href":"https:\/\/www.psyceliapourchayre.fr\/index.php?rest_route=\/wp\/v2\/pages\/2\/revisions"}],"predecessor-version":[{"id":627,"href":"https:\/\/www.psyceliapourchayre.fr\/index.php?rest_route=\/wp\/v2\/pages\/2\/revisions\/627"}],"wp:attachment":[{"href":"https:\/\/www.psyceliapourchayre.fr\/index.php?rest_route=%2Fwp%2Fv2%2Fmedia&parent=2"}],"curies":[{"name":"wp","href":"https:\/\/api.w.org\/{rel}","templated":true}]}}